 + 2*r = 60. Calculate the remainder when r is divided by 3.
0
Suppose 4*g + 64 = 5*g. Calculate the remainder when g is divided by 13.
12
Let r be ((0/(-1))/(-4))/(-2). Suppose 2*x = -r*x + 36. Calculate the remainder when 35 is divided by x.
17
Let z(n) = -n**2 - 7*n + 6. Let r(o) = -o**2 - o + 5. Let y be r(-4). Calculate the remainder when 15 is divided by z(y).
3
Suppose -3*g + h = -111, -3*h = 2*g + 3*g - 185. Suppose -5*c + g = -48. Let d(b) = -b**3 + 5*b**2 - 3*b + 5. Calculate the remainder when c is divided by d(4).
8
Let p be (-18)/42 - (-66)/7. Suppose -11*c + 10 = -p*c. Calculate the remainder when 13 is divided by c.
3
Suppose 0 = -0*d - 5*d + 115. Let o = -19 + d. Calculate the remainder when 8 is divided by o.
0
Suppose -g - 3*g = -124. What is the remainder when g is divided by 1/(-4) - 450/(-40)?
9
Suppose 4*b = b + 24. Calculate the remainder when 12 is divided by b.
4
Suppose 2*u - 7 = 9. Let q = 46 + 65. Suppose 5*s - q = -41. What is the remainder when s is divided by u?
6
Let v(b) = -b + 3. Let q(n) = 2*n - 7. Let k(m) = 3*q(m) + 7*v(m). Suppose -5*l = -113 + 28. Calculate the remainder when l is divided by k(-6).
5
Suppose -3*f + 2*f = 6. Let g = 9 + f. Suppose -30 = g*k - 144. Calculate the remainder when k is divided by 13.
12
Let u(k) = -k**3 - 7*k**2 + 14*k + 9. What is the remainder when u(-9) is divided by 16?
13
Suppose -d = -4*t - 10, -t = -3 + 4. Suppose -2*z - d = 2, 0 = -h - z + 14. What is the remainder when h is divided by 10?
8
Let q be -4 - -1*(2 - -4). Suppose -3*v = -2*c - 28, -3*c + 5 = q. What is the remainder when v is divided by -1 + 0 + 1 + 6?
4
Suppose -171 = -5*k + 84. Calculate the remainder when k is divided by 27.
24
Let r be -9*((-21)/9 - -2). Let w = r + 1. What is the remainder when w is divided by 3?
1
Let z = 8 - -8. What is the remainder when 61 is divided by z?
13
Let j(o) = -o**2 - o + 22. Let y be j(0). Let s = y + -10. Calculate the remainder when 22 is divided by s.
10
Suppose -12 = -2*x + 5*x, -5*x = -2*r + 32. Suppose -3*k - 3 = -93. Suppose 3*m - 5*f = 15 + k, m + 5*f = -5. What is the remainder when m is divided by r?
4
Suppose -4 = t, 2*t - 4 = -f + t. What is the remainder when ((-4)/(-6))/(2/39) is divided by f?
5
Let b = 2 + -2. Suppose -5*n = -b*n - 30. What is the remainder when 13 is divided by (-5 - -2)/(-3) + n?
6
Let m be (-4)/10 + (-24)/(-10). Suppose 8*v = 3*v - m*s + 6, -4*s - 2 = 3*v. What is the remainder when 7 is divided by v?
1
Suppose -49 = -t + 2*y, 5*y = -5*t + 116 + 69. Let w(g) = -g + 26. What is the remainder when t is divided by w(12)?
13
Calculate the remainder when 2/(-3)*(-162)/4 is divided by 14.
13
Let w(j) = 2*j**2 - 5*j + 3. What is the remainder when (12 + 1 + 2)*(4 + -3) is divided by w(3)?
3
Let b = -100 + 147. Calculate the remainder when b is divided by 13.
8
Let y(o) = -8*o**2 - 5*o**3 + 4*o**3 + 13 + 11*o - 2*o. Calculate the remainder when 38 is divided by y(-9).
12
Let a(y) be the third derivative of y**2 - 5/6*y**3 - 1/120*y**6 + 0 - 1/30*y**5 + 0*y - 1/12*y**4. What is the remainder when a(-4) is divided by 18?
17
Let m = -20 + 43. What is the remainder when 43 is divided by m?
20
Let n(g) = g + 1. Let c be (-1)/2*(-2 - 0). Let z be n(c). Suppose 0*d + 32 = z*d. What is the remainder when d is divided by 6?
4
Suppose -2*l - 4*l + 306 = 0. What is the remainder when l is divided by ((-4)/(-5))/((-2)/(-45))?
15
Suppose b - 4*y = 23, -y + 2 = -2*y. Calculate the remainder when 59 is divided by b.
14
Suppose 0 = 14*p - 12*p - 296. Calculate the remainder when p is divided by 38.
34
Suppose 0 = -2*c - 2*c + 32. Let a = 12 - c. Calculate the remainder when (1 - a)/(2 + -3) is divided by 2.
1
Suppose 0*v + 69 = 2*v - 5*k, -4*k - 39 = -v. Let y = -87 + 165. What is the remainder when y is divided by v?
24
Suppose -4*y = -3*k + 7*k - 84, -y + 17 = -3*k. Calculate the remainder when 54 is divided by y.
14
Let u be 11/(3/(-6)*1). Let z = u + 56. Calculate the remainder when z is divided by 18.
16
Suppose -6 - 9 = -3*p. Suppose 0 = -2*o + p*s + 25, 3*s + 14 = 3*o - 10. Let w(v) = 2*v**2 + 5*v + 1. Calculate the remainder when w(-4) is divided by o.
3
Let w = 25 - 19. Calculate the remainder when 23 is divided by w.
5
Let s = 1 + 8. Suppose -15 = -18*m + 13*m. Suppose m + 2 = z. What is the remainder when s is divided by z?
4
Suppose 3*p - 49 = -4. Calculate the remainder when p is divided by 12.
3
Suppose 5*f - 2*f = -4*q + 33, 4*q = -5*f + 31. What is the remainder when 25 is divided by q?
7
Let c = 13 - 9. Suppose c*u - 1 = 3*r, 0 = -4*u - 4*r + 6*r + 6. What is the remainder when 5 is divided by u?
1
Calculate the remainder when 121 is divided by 62/4*(3 + -1).
28
Let f(p) be the first derivative of 15*p + 1/3*p**3 - 1 + 1/2*p**2 + 1/4*p**4. What is the remainder when 29 is divided by f(0)?
14
Let g(j) = -4*j + 7. What is the remainder when g(-5) is divided by (-25)/3*(-24)/20?
7
Calculate the remainder when 4 is divided by (-1)/((14/(-6) - -3)/(-2)).
1
Calculate the remainder when 34 is divided by (120/(-50))/(4/(-30)).
16
Let c = 2 + 5. Calculate the remainder when 25 is divided by c.
4
What is the remainder when -4 - -1*14 - 2 is divided by 4?
0
Suppose 41 = 4*p - 5*j, 2*p = p + 4*j + 24. Suppose g = -p + 33. What is the remainder when g is divided by 10?
9
Suppose -9 = m + 15. Let c = -8 - m. What is the remainder when 30 is divided by c?
14
Suppose d - y - 12 = 0, -4*d + 43 = 3*y - 6*y. Calculate the remainder when 15 is divided by d.
1
Let z(l) = -7*l - 26. Let h(w) = -2*w - 9. Let x(f) = -17*h(f) + 6*z(f). What is the remainder when 36 is divided by x(-2)?
10
What is the remainder when 53 is divided by (-1)/4 + 162/8 + -1?
15
Suppose n = -0*n + 211. Suppose 0 = 4*i - 5*q - n, 4*i - 8*i = 5*q - 181. Calculate the remainder when i is divided by 17.
15
Suppose -6 = -4*n - 2*r, 0 = 2*n - 0*r - 2*r - 6. Suppose n = k - 8. Suppose j - 15 = -3*c, -c - 12 = -4*c - 2*j. What is the remainder when k is divided by c?
4
Suppose 3*l - 28 - 33 = -4*f, 0 = 5*f + 4*l - 77. Calculate the remainder when (9/6)/((-2)/(-32)) is divided by f.
11
Let o = 54 - -7. What is the remainder when o is divided by 16?
13
Let k(g) = -g**2 + 9*g + 2. What is the remainder when 29 is divided by k(7)?
13
Let f(t) = 37*t**3 - t**2. Suppose 8 = -r + 9. What is the remainder when f(r) is divided by 13?
10
Let s = -5 + 8. Suppose 3 = 2*f - 3*c, 0*f + 2*f - 4*c = 0. What is the remainder when (-2 + 1)/(s/(-51)) is divided by f?
5
Let s(l) = l**2 - 5*l + 1. Let b be (-6)/15 - (-128)/20. Calculate the remainder when 13 is divided by s(b).
6
Suppose 0 = 3*v - 8*v - 3*c + 76, 0 = -2*v - 5*c + 19. What is the remainder when 24 is divided by v?
7
Let t(w) = 22*w + 12. Calculate the remainder when t(3) is divided by 16.
14
Let j be (33/22)/(2/(-12)). Let p = -1 - j. Calculate the remainder when 29 is divided by p.
5
Let j be ((-76)/(-8))/((-3)/(-6)). Let c = -7 + j. Suppose -2*o + 28 + 16 = 0. What is the remainder when o is divided by c?
10
Let v(w) = w**2 - 1. Let u(r) = 2*r. Let s be u(1). Let x be v(s). Suppose -4*j - 4 + 0 = 4*k, 4*j + x*k = 0. What is the remainder when j is divided by 2?
1
Let z be (-5)/(-1)*(1 + 1). Suppose -t + 2 = 4. Let g = t + z. Calculate the remainder when g is divided by 5.
3
Let h = 6 + -12. Let r(w) = -4*w - 12. Suppose -2*f - l - 2*l + 77 = 0, 5*l = -5*f + 185. What is the remainder when f is divided by r(h)?
10
Let z(l) = l**3 - 5*l**2 + 6*l - 5. What is the remainder when 1*196/(-10)*-5 is divided by z(5)?
23
Let i(u) = u**2 + 5*u - 10. Calculate the remainder when i(-10) is divided by 21.
19
Let q = -26 + 29. Calculate the remainder when q is divided by 3.
0
Let m(z) = -2*z - 9. Let p be m(-7). Suppose -100 = -4*y + 2*j, -y + j - p*j = -7. Calculate the remainder when y is divided by 13.
10
Suppose -25*p + 23*p = -26. Suppose -3*k = -4*k + p. What is the remainder when 50 is divided by k?
11
Suppose -i - 4*i = 3*t - 173, -i + t = -41. Let j = 60 - i. Let x(g) = -3*g**3 - 2*g**2 + 3*g + 2. What is the remainder when j is divided by x(-2)?
11
Suppose -48 + 12 = 2*d. What is the remainder when (3/(-4))/((-3)/108) is divided by -4 + 2 - (d + 2)?
13
Let h(r) = -r + 146. Calculate the remainder when h(0) is divided by 21.
20
Let b be -1*1/(-1) - -18